 8331. Is t composite?
False
Let w = 246726 + 374425. Is w composite?
True
Let t(l) = 9*l**3 - 15*l**2 - 138*l - 77. Is t(31) a prime number?
False
Suppose -115*r = -102*r - 642811. Is r a composite number?
True
Let h be 6*10/45*21. Let o = 33 - h. Suppose -4*a + 5428 = -v + 5*v, 3*v - 4103 = o*a. Is v a composite number?
False
Suppose 5*y - 61 = -76. Let q be (5771 - 4)*y*6/(-9). Suppose 3085 - q = -7*w. Is w a prime number?
False
Let t(f) = f - 29. Let p be t(-6). Let v be (p - -3)/4*(-3)/(-1). Is v/(-40) - (-12512)/5 prime?
True
Let o be (-13)/((-2550)/(-636) + -4). Is o/(-1)*(-9)/(-18) a composite number?
True
Let w = 827990 - 441707. Is w a prime number?
False
Let q = -175386 + 346324. Is q a prime number?
False
Suppose 1488*b = 1493*b - w - 73448, -58762 = -4*b + 2*w. Is b a prime number?
False
Suppose 5*s = 16 + 14, -5*t + 844729 = -s. Is t composite?
True
Let u(t) = 22*t**3 + 27*t**2 + 18*t - 14. Let d(k) = 7*k**3 + 9*k**2 + 6*k - 5. Let o(m) = -7*d(m) + 2*u(m). Is o(-6) a composite number?
True
Suppose -7*a = -1118 + 1139. Let j(v) = -4 - 5*v + 0*v - 13*v**3 + 2*v**2 - v**2. Is j(a) a prime number?
False
Let u = -1525 + 3055. Suppose -7*y + 248 = -u. Is y a composite number?
True
Let g = 38 + -34. Suppose -7*i = -g*i - 10836. Suppose 3*m = c - 0*m - 1795, 2*c + 5*m = i. Is c a prime number?
True
Let b(v) be the first derivative of -v**4/4 + 4*v**3/3 - 4*v - 4. Let u be b(2). Suppose -y - 2*m = -239, u*m + 1189 = 5*y + 8*m. Is y a composite number?
True
Suppose 7*a - 5*a - 12 = 0. Is (a - 6) + -5 - -3954 composite?
True
Suppose -23 = -5*d - 8. Suppose 0 = -3*c - 4*t - 2*t - 6, -2*c = -3*t - 17. Suppose -3*w + d*p = -4110, -c*w + 2*p = p - 5483. Is w a prime number?
False
Suppose 0*k - 30 = -5*k. Suppose -8*q + k = 30. Let g(x) = 26*x**2 + x - 8. Is g(q) a composite number?
False
Suppose 15 = -31*y + 34*y. Suppose -z + y*a = -133 - 323, z - 506 = -5*a. Is z a composite number?
True
Suppose 2*k + 4*p = 55782, -2*k - 5*p + 55776 = -4*p. Is k composite?
True
Suppose 4*v = -r + 150161, -4*v + 195146 = -r + 44995. Let l = v - 22136. Is l prime?
False
Suppose 59619 = -33*x + 36*x. Suppose 0 = -9*m - 3394 + x. Is m composite?
False
Suppose 5*z + c - 14310 = 11435, 0 = -4*z + c + 20596. Suppose f + f = -2*l + 3436, 3*l - 2*f - z = 0. Is l composite?
True
Suppose 4*x = 5*v + 106947, -17*v + 26758 = x - 14*v. Suppose 0 = 9*b - x - 33314. Is b composite?
False
Let a = 88 - 76. Suppose a*i - 7*i - 12995 = 0. Is i prime?
False
Let i be (-28077)/(-14)*((-11)/3 - -3). Let t = i + 2374. Is t prime?
False
Suppose 2*w - 6 = -0. Suppose w*l + 6*b = b + 4942, 0 = l - 3*b - 1666. Suppose 0 = 3*g - l - 1427. Is g prime?
False
Let d be (-242)/(-12) - (17/(-6) - -3). Let v = 81 - d. Suppose -v*j = -59*j - 1118. Is j a prime number?
False
Let u(y) = -y**3 + 14*y**2 + 11*y + 64. Let l be u(15). Suppose o + 0*q = -5*q + 2062, 4*o - 8296 = -l*q. Is o prime?
False
Let m = 14474 + 117795. Is m composite?
True
Suppose -8*b + 3872712 = -2*x, 968178 = 2*b - 61*x + 56*x. Is b a prime number?
False
Let r = -17853 - -65090. Is r a prime number?
True
Let r = 4171 - -601090. Is r a prime number?
True
Let n be 38024/16 + (-2)/4. Let m = n - 3606. Let b = m - -2345. Is b composite?
True
Let i(m) = 4 - 69*m + 3*m**3 - 2*m**3 + 31*m - 39 - 25*m**2. Is i(27) a prime number?
True
Let k(m) be the first derivative of -m - 3*m**2 + 19/3*m**3 - 17 + 1/4*m**4. Is k(-10) a composite number?
True
Let l be 3 + (-3 - (-3)/(-2)*4). Let r(p) = 699*p + 16. Let g be r(l). Let d = g - -6963. Is d composite?
True
Let t(x) = x**2 - 16*x + 11. Let l be t(17). Suppose 31*d = l*d + 30. Suppose -d*p + 3702 + 5228 = 0. Is p prime?
False
Suppose -5*n + 274 = -3936. Let o be 6*2/10*15870/276. Let k = o + n. Is k prime?
True
Suppose -4*r = -8*r. Suppose r*h - 930 = -4*h - l, 3*h = 4*l + 707. Suppose -5*w + 5*i = -4455, 666 = w + i - h. Is w prime?
False
Let b = 395929 + -267702. Is b prime?
False
Let x(q) = 17*q**2 + 34*q - 30. Let y = 274 - 260. Is x(y) a composite number?
True
Suppose c - 3392526 = 5*u, 12234228 + 1335796 = 4*c - 4*u. Is c composite?
True
Suppose -13*y + 408953 + 148110 = 0. Is y a composite number?
True
Suppose 74*v + 60 - 1096 = -74. Let b = 13 + -5. Suppose -v*i + b*i = -95. Is i composite?
False
Let m(o) = o + 3. Let j be m(-1). Suppose -2*n - 3469 = -j*f + 3*n, 0 = n + 1. Let h = f + -969. Is h a prime number?
False
Let q be (16/28)/(5/70). Let o(w) = w**3 - 3*w**2 - 4*w - 37. Is o(q) a prime number?
True
Let a be 6106*((-10)/(-35) + (-3)/(-14)). Suppose a = -6*r - 5965. Let n = r - -2240. Is n composite?
True
Let a = -20188 - -33944. Let n = 28727 - a. Is n composite?
True
Let i(q) = 2091*q**2 + 22*q - 2. Is i(-5) a composite number?
False
Is ((-5568741)/(-93) - 0) + (-232)/(-3596) a composite number?
False
Let a be (36/15)/4*60/6. Suppose 0 = -4*f + 5655 + 4205. Suppose a*k - f = 3061. Is k a prime number?
False
Let z(j) = -2*j**3 - j**2 + 8*j - 4. Let f be z(-3). Let k be (-2)/(-4) + f/(-34). Suppose k = -2*b - 3*t + 634, 4*b - 813 = 4*t + 455. Is b a composite number?
False
Suppose 2*p + 4*m - 162734 = 0, -4*m + 484352 = 4*p + 158888. Suppose 11244 + p = 11*k. Is k a prime number?
True
Let p = 15 - 10. Suppose -6*o + 38 - 14 = 0. Suppose -v + o*z = -p*v + 13816, 3*z = 5*v - 17262. Is v composite?
True
Suppose -34*q - 403405 = -39*q. Suppose -3*y - 4*w = -q - 23199, -5*y - 5*w = -173135. Suppose -y = -6*h + 2842. Is h prime?
False
Let y = 41 + -37. Suppose y*d - 5*b = 8637, -3*d - 5*b + 10740 = 2*d. Is d a prime number?
True
Suppose -62*i + 6314 = -63*i. Let w = -907 - i. Is w composite?
False
Suppose 3*y = -13*z + 14001215, 2*z + y + 276097 - 2430129 = 0. Is z composite?
False
Let w(f) = -994*f + 747. Is w(-8) a composite number?
False
Let d(v) = -400*v**3 - 9*v**2 - 4. Let o be d(-4). Let a = o + -16885. Is a a prime number?
False
Suppose -5*i = 6*i + 4*i - 763575. Is i a composite number?
True
Let n(b) = -b**2 - 5*b + 3. Let l be n(6). Is (-10069)/(-2) + (3 - l/(-14)) composite?
True
Let f = 80070 + -25987. Is f a prime number?
True
Let p = 3888 - -53857. Is p composite?
True
Let g(a) = 182*a - 75. Suppose 15*p = 38*p - 391. Is g(p) composite?
False
Suppose 9*j - 10 = 4*j. Let l(i) = 12 + 11 + i - 1 - 7 + 18*i**j + i**3. Is l(-14) composite?
True
Suppose -5*f - 9715 = -3*v, -3*f = 4 + 2. Suppose 79*h = 80*h - 2. Suppose -v = -h*k - 3*k. Is k a composite number?
False
Let i be (-26)/(-6)*21*7. Let a = i - -100. Is a a prime number?
False
Let g(f) be the second derivative of 683*f**4/12 + f**3/2 + f**2/2 + 30*f. Let k be g(-3). Suppose -3*i = 3*n - 6141, -5*n + k + 4112 = i. Is n prime?
False
Let u(a) = -a**2 - 17*a + 142. Let l be u(-23). Suppose -3*z - 2691 = -3*r, -r - 527 = l*z - 1444. Is r a composite number?
True
Suppose 0 = 15*f - 45. Suppose 5*y = 5*t + 3160, y + 5*t = f*y - 1273. Is y prime?
False
Is (1 - -56116) + (-3 - (-4 - -4)) prime?
False
Let o(i) = 1453*i**3 + i**2 - i + 1. Let s be (1*-1)/(13/(-13)). Let w be o(s). Suppose -5*y + 2*h + 2983 + w = 0, -y + 4*h = -873. Is y a composite number?
True
Suppose 2 + 1 = -4*w - p, w - 9 = 3*p. Let h be (1 - w)*-3 - -11. Suppose -5*g - h*g = -2405. Is g a prime number?
False
Let n(w) = w + 431. Let f be (-2)/(-5) + ((-5784)/15)/4. Let y = f - -96. Is n(y) a prime number?
True
Let a(q) = -q - 5. Let x be a(-5). Suppose -12*c + 15*c - 17517 = x. Is c composite?
False
Suppose -o = -5*u + 2560164, 2560160 = 5*u + 9*o - 14*o. Is u a composite number?
True
Suppose -7 + 2 = -5*w, 0 = 5*t - 5*w - 25. Suppose 3*p = 6 + t. Suppose 5*q - 1469 = -r, -5*r + 24 - p = 0. Is q composite?
False
Suppose -381265 = -3*q - 4*r, -4*r = -109*q + 111*q - 254174. Is q prime?
False
Suppose -5*s + 132 = -s. Let f = s - 23. Suppose 14*a - 808 = f*a. Is a composite?
True
Let t(x) = -6 - 67 - 3548*x - 4 + 61*x - 263*x. Is t(-4) a composite number?
False
Let h(c) = -970*c - 23. Suppose -2*z + 4*n = 18, 4*n = -2*z - 2*z - 60. Is h(z) a prime number?
False
Let i(c) = -c**3 + 48*c**2 + 72*c + 94. Let a be i(44). Let s = a - 3675. Is s a composite number?
False
Let b = 50728 - 20925. Is b a prime number?
True
Let y(x) be the third derivative of x**5/10 + 11*x**4/8 - 19*x**3/6 - 17*x**2 - 2. Is y(-42) a prime number?
False
Suppose 5*u - u - 65 = 5*b,